2*k, 0 = -k - c*u - 460. Let x = -317 - k. Calculate the highest common divisor of 13 and x.
13
Let i(d) = 5*d - 3. Let m be i(3). Let n = 73 + 59. What is the greatest common factor of m and n?
12
Let x = -5 - -8. Suppose x*r - 10 - 8 = 0. Let a = r + 2. Calculate the highest common divisor of a and 8.
8
Let j(a) = a**3 + 4*a**2 + 3*a + 3. Let g be j(-3). Let f be (10 - 5)/(1 + 0). Suppose 24 = -4*z + f*z. Calculate the greatest common factor of z and g.
3
Suppose 3*z = 60 + 114. Let f = z - 34. Suppose 4*n = n + f. Calculate the highest common factor of n and 2.
2
Let b(p) = p**3 - 3*p**2 + 6*p - 7. Let v be b(4). What is the highest common factor of v and 3?
3
Let s = -51 + 61. Calculate the highest common factor of 70 and s.
10
Let f be ((-496)/(-12))/4 + (-6)/18. What is the greatest common divisor of 15 and f?
5
Suppose 0 = -3*f + 13 - 4. Suppose 4*r - 8 = 12. Let d = r + f. What is the greatest common divisor of d and 64?
8
Suppose 4*k - 173 = j, 0*j = 2*k - 2*j - 82. What is the greatest common divisor of k and 4?
4
Suppose 3*n = 5 + 79. Calculate the highest common factor of n and 8.
4
Let j(a) = -2*a - 5. Let t be j(-6). Calculate the greatest common factor of t and 21.
7
Suppose 0*i - i + 2 = 0. Let t = 1 - i. Let m be (t + 6/(-2))*-3. Calculate the highest common divisor of 36 and m.
12
Let w be 99/(4/(-2) + 3). Calculate the greatest common factor of 11 and w.
11
Let z be (0 - 3)*(-10)/3. Suppose 2*p + 3*p = z. Let b be (-26)/4*-5*p. What is the greatest common divisor of b and 26?
13
Let q = -74 + 184. What is the greatest common divisor of 44 and q?
22
Let v(t) = -17*t + 70. Let n be v(4). Calculate the greatest common divisor of 14 and n.
2
Suppose 4*d = -2*l + 10, 0*l = -4*l + d + 56. Calculate the highest common factor of l and 351.
13
Let w = 23 - 20. Suppose w*r = -3*i + 108, -i - 153 = -5*r + 3*i. What is the highest common divisor of r and 132?
33
Suppose -5*z - 8*z + 416 = 0. Let r be -8*1/3*-3. What is the greatest common divisor of z and r?
8
Let u(o) be the first derivative of 11*o**2/2 - 3*o - 2. Let v be u(6). Calculate the highest common factor of v and 7.
7
Let u = -5 + -6. Let t = u - -29. Let x = 19 - 10. What is the highest common divisor of t and x?
9
Let u = -10 - -12. Suppose -u*b = -7*b + 25. Suppose -d = b*j - 78, 268 = 3*d + 2*j - 4*j. What is the highest common factor of d and 11?
11
Suppose 50 + 148 = -2*i. Let h = i + 144. Suppose -j = 5*l - l - 116, 2*j + 158 = 5*l. What is the greatest common divisor of h and l?
15
Suppose 2 = -6*m + 4*m, 4*t + 4*m - 140 = 0. Calculate the greatest common divisor of 180 and t.
36
Let t be (-180)/(-27)*(4 - -2). Calculate the greatest common divisor of t and 10.
10
Let s be 22/14 - (-3)/7. Suppose 3*n + 1 = -s*m, 5*m + 31 = -3*n + 5*n. Calculate the highest common factor of 21 and n.
3
Suppose 662 = 4*f + 158. What is the highest common factor of 14 and f?
14
Let i(f) be the third derivative of f**5/60 + 5*f**4/24 + 5*f**3/6 + 8*f**2. Let v be i(-4). What is the highest common factor of v and 4?
1
Let m(x) = -x**3 - 8*x**2 - x + 10. Let w = -18 - -10. Let q be m(w). What is the greatest common divisor of 12 and q?
6
Let g(x) = 5*x + 4. Let m be (-13)/(-4) + (-2)/8. Let p be g(m). Suppose i + 4*i = 285. Calculate the highest common factor of p and i.
19
Let u be ((-1*6)/1)/(-2). Let c = u - -6. Let b = -121 - -175. What is the greatest common divisor of b and c?
9
Let t = 41 - 20. What is the highest common divisor of 189 and t?
21
Suppose -n - 6 = -b - 6*n, -118 = -5*b - 3*n. What is the greatest common factor of b and 13?
13
Let b(a) = -11*a + 2. Let j be b(-2). What is the highest common factor of j and 72?
24
Let b(c) = 2*c - 4. Let u be b(4). Let p = -13 + 14. Let w be 219/5 + p/5. What is the highest common divisor of w and u?
4
Suppose -5*t + 4*l + 7 = 0, 0*l + 8 = 4*t - 2*l. Suppose -4*x - 40 = -t*b, -2*x - 30 = -2*b - 4. Calculate the highest common divisor of b and 60.
12
Let t be (-48)/(-30) - (-4)/10. Suppose -3*j + h - 4*h - 9 = 0, h - 21 = t*j. Let c = -1 - j. What is the highest common divisor of 49 and c?
7
Suppose 5*h - 3*p = 128, -h + 20 = -p - 4. Let a = 237 - 167. What is the greatest common divisor of h and a?
14
Suppose 4*d - 2*g - 1142 = 0, -5*d + 1420 = 2*g - 6*g. What is the highest common divisor of 32 and d?
32
Suppose -6*f - 13 = -f + 3*k, -5*f - 11 = k. Let n be (1 - (f - 28)) + -1. Suppose 3*h - 17 = 43. What is the greatest common divisor of n and h?
10
Let w = -115 + 141. What is the highest common divisor of 52 and w?
26
Suppose 3*r - 39 = -3. Suppose 54*y = 62*y - 24. What is the highest common factor of y and r?
3
Let o = 101 - 50. Let b = o + -34. What is the greatest common factor of 34 and b?
17
Let k be 4/(-4) + 5*1. Suppose l + k = 6. Let f be 1 + l + -2 + 1. What is the highest common factor of f and 14?
2
Let s = -96 - -184. What is the highest common divisor of 8 and s?
8
Let x = -6 + 9. Suppose 2*u - 7 + x = 0. Suppose u*j - 89 = 31. Calculate the highest common factor of 15 and j.
15
Suppose 0 = 2*p - 0*p - 4. Suppose p*u + 4*z + 16 = 0, -18 = -4*u - 0*z + 2*z. Calculate the highest common factor of 18 and u.
2
Suppose -369 + 36 = -9*w. Calculate the greatest common divisor of w and 407.
37
Let g be -2*((-9)/(-6))/(-1). Suppose 15 = g*k - 2*k. Calculate the highest common divisor of 3 and k.
3
Let t = 32 + -11. Let i = 15 + t. Let a(f) = f + 7. Let q be a(5). Calculate the highest common factor of i and q.
12
Let h be 3/((-3)/(-2)*-1). Let g be (-16)/6*9/h. What is the greatest common factor of g and 2?
2
Let k(a) = -a**3 - 8*a**2 + 4*a + 9. Let g be k(-7). Let j be (0/(-2) + g)/(-2). What is the highest common divisor of 51 and j?
17
Let q = -24 + 280. Let u = q + -146. Calculate the highest common divisor of 10 and u.
10
Let a(b) = 4*b + 1 + 5*b - 4 - 3*b. Let o be a(4). What is the greatest common factor of 3 and o?
3
Let i be 4855/30 + 1/6. What is the greatest common factor of i and 18?
18
Let j be (360/4)/((-3)/(-4)). Let z be (-10)/(-4)*(2 - -4). What is the greatest common divisor of z and j?
15
Suppose -6 - 114 = -5*r. Calculate the greatest common divisor of r and 60.
12
Let y = 276 + -196. Suppose -3*j = -c - 145, -2*c - 40 = -5*j + 200. Suppose s = -4*s + j. What is the greatest common divisor of s and y?
10
Let f be 2 - 3/((-12)/(-88)). Let b = f - -36. What is the highest common factor of 144 and b?
16
Let b(i) = 7*i**2 + i. Let a be b(2). Let t = -22 - -9. Let m = -7 - t. Calculate the greatest common factor of a and m.
6
Suppose -5*f - 256 = -2*f + 4*x, 0 = -5*x - 20. Let v be (f/(-6))/(1/3). Calculate the greatest common factor of v and 8.
8
Suppose 26*w - 192 = 23*w. What is the greatest common divisor of w and 8?
8
Let c = -60 + 62. What is the highest common factor of c and 24?
2
Let s(a) be the second derivative of 2*a**3/3 - 7*a**2 - 6*a. Let x be s(6). Let f = 11 - 7. Calculate the highest common factor of f and x.
2
Suppose -5*o = -58 - 2. Calculate the highest common factor of o and 4.
4
Suppose 79 = -5*x + 239. Suppose -y + 3*y = x. What is the highest common factor of 160 and y?
16
Let o = -6 - -10. Let z be o/(-6)*132/(-8). What is the greatest common divisor of z and 55?
11
Let r be -1 + 0 + (-4)/(-1). What is the highest common factor of r and 15?
3
Suppose 4*v - 42 = -3*s + 62, -s + 36 = 2*v. Calculate the highest common factor of 80 and s.
16
Let n(p) = -p**2 - 5*p + 1. Let c be n(-5). Let g be 1*2/4*0. Suppose 2*b + 4*r = -g + 20, -5*b - r = -14. What is the highest common factor of b and c?
1
Suppose 33 = 5*h - 22. Suppose 2*c = -0*c + 176. What is the highest common divisor of h and c?
11
Let z be 4/4 + (-4)/(-2). Let g be ((-2)/z)/((-3)/27). Calculate the highest common factor of g and 2.
2
Let s = 33 - 63. Let h be 32/(-6)*s/8. Let c(q) = q**3 - 5*q**2 - 4*q - 2. Let k be c(6). Calculate the highest common factor of k and h.
10
Let d be (68/2)/(18/99). What is the highest common factor of 11 and d?
11
Let s(x) = -3*x - 3. Let i = -12 + 7. Let o be s(i). What is the greatest common factor of 60 and o?
12
Let i(p) = -p**2 - 14*p + 4. Let b be i(-13). Calculate the highest common divisor of b and 34.
17
Let k be -5*(8/(-20) - -2). Let z = k - -20. What is the greatest common factor of z